2 + 7*k - 6. Let q be s(5). Let j(m) = -1. Let a(w) = -w. Let d(y) = q*a(y) + j(y). Give d(-2).
7
Let s(u) = 0 + 6 + 2 - 3 + 2*u. Calculate s(-9).
-13
Let i(d) be the first derivative of 5*d**2/2 + 4*d + 14. Give i(-4).
-16
Suppose -5*r = 3*t - 33, 0 = r + 5*t - 0*t - 11. Suppose 12 = -r*d - 0*d. Let k(f) = -4*f - 1. Determine k(d).
7
Let c = -10 + 4. Let k(l) = -l**3 - 6*l**2 + 2*l + 2. Calculate k(c).
-10
Let y(o) = 1 + 2*o**2 + 7*o**3 - 6*o**2 - o + 4*o**2. Let p = -11 - -12. Give y(p).
7
Let u(d) be the second derivative of d**4/12 + 5*d**3/6 + 2*d**2 - 14*d + 1. Calculate u(-4).
0
Let j(d) be the second derivative of 0*d**4 - 4*d + 0*d**2 + 0*d**3 - 1/2*d**5 + 0. Give j(-1).
10
Let q(w) = 2*w**3 + 1. Let u(s) = s - 6. Let x be u(6). Let m(p) = p**2 + 2*p - 3. Let g be m(-3). Suppose x = 5*b - 20, 2*j + b = -g*b + 6. Calculate q(j).
3
Let i(g) = -2*g**2 - 4*g + 4. Suppose 2*d - 2*f + 13 = -f, 5*d + 2*f + 10 = 0. What is i(d)?
-12
Let x(r) = 4*r + 7. Let k(c) = -c**2 - 6. Let h be k(0). What is x(h)?
-17
Let g(j) = 4*j**2 - 7*j - 1. Let i be g(-1). Let h(d) = d**2 - 9*d - 14. What is h(i)?
-4
Let o(m) = m**3 - 5*m**2 - 2*m - 5. Let j(g) = g**3 - 5*g**2 - g - 4. Let k(w) = 5*j(w) - 4*o(w). Give k(5).
15
Let h(n) be the second derivative of n**4/24 - 5*n**2/2 - n. Let p(v) be the first derivative of h(v). Determine p(1).
1
Suppose 0 = -2*m - 4*x - 6, -5*m + 2*x + 3*x = 45. Let u(f) = -f + 5. What is u(m)?
12
Let w(u) = u**3 - 5*u**2 + 4*u - 1. Let d(m) = 2*m**2 + 14*m + 4. Let g be d(-7). Determine w(g).
-1
Let m(q) be the first derivative of q**2 + 2*q + 10. Determine m(-4).
-6
Suppose -v - 6 = -3*v. Let r(b) = 1 - b**v - b - 4 - 5*b**2 + 0. Give r(-5).
2
Let s(r) = r**2. Let t(o) = -o**2. Let k(q) = -7*s(q) - 6*t(q). Calculate k(3).
-9
Let d(u) be the first derivative of u**4/4 + 7*u**3/3 + 3*u**2 + 4*u + 6. Give d(-6).
4
Let d = 6 - 6. Let x(m) = -m**2 - 7. Determine x(d).
-7
Let q(t) be the third derivative of t**4/6 + 2*t**2 + 5*t. Calculate q(-1).
-4
Let m(y) be the first derivative of 3*y - 5 - y**2 - 3*y. Let s(p) = -p + 1. Let h be s(-1). What is m(h)?
-4
Let r(l) be the first derivative of -2 - l + 5/2*l**2 + 4/3*l**3 - 1/4*l**4. Let v be r(5). Let o(g) = -6*g**2 - 2*g - 1. What is o(v)?
-5
Let x(v) be the second derivative of -v**4/12 - v**3/6 + 2*v**2 + 12*v. What is x(-3)?
-2
Suppose 2*k = -3*k + 10. Let o(y) = 2 - 3*y**2 + y - 4*y - 2*y**3 + 6*y**k. Let p be ((-6)/(-15))/(2/10). Calculate o(p).
-8
Let c(j) = j - 5. Let d be (2/(-4))/((-2)/(-16)). Suppose k + 2*k + 21 = 0. Let p = d - k. Give c(p).
-2
Let d(r) = 7*r**3 + 5*r**2 + r + 4. Let y(u) = 11*u**3 + 7*u**2 + u + 6. Let b(j) = -8*d(j) + 5*y(j). Give b(-4).
-6
Let w = 16 - 12. Let i(v) be the second derivative of -v**4/12 + 5*v**3/6 + 4*v. Give i(w).
4
Let j(u) = -u**2 + 5*u. Let m be (-1)/(-2) - (-34)/(-4). Suppose -3*s + 35 = -4*w, s = -5*w - 0*w - 39. Let f be m*-2*(-2)/w. Give j(f).
4
Let w be (-13)/3 + 1/3. Let u(v) be the first derivative of -v**3/3 - 3*v**2/2 + 3*v + 1. Determine u(w).
-1
Let a(o) be the first derivative of o**5/40 + o**4/8 + o**3/3 - 3. Let n(p) be the third derivative of a(p). What is n(-4)?
-9
Suppose 3*o + o = 8. Let y(f) = 2*f. Let a be y(o). Let h(g) = -g**3 + 3*g**2 + 2*g + 1. Give h(a).
-7
Let d(w) be the second derivative of -w**6/360 + w**5/24 - 5*w**4/6 - 7*w. Let u(i) be the third derivative of d(i). Determine u(4).
-3
Let k(h) = -8 + 1 + 3*h**2 - 2*h**2. Calculate k(5).
18
Let f(q) be the third derivative of q**4/8 - 2*q**3/3 - 15*q**2. What is f(3)?
5
Let o(a) be the first derivative of -a**4/4 - 5*a**3/3 + a**2/2 - 2*a + 16. What is o(-5)?
-7
Let v(s) = s**2 - 7*s - 9. Let z be v(8). Let p(b) = 6*b**3 + b**2 + 2*b + 1. Determine p(z).
-6
Let h be (-6)/4*2/(-3). Let p(s) be the third derivative of 0 + 0*s + 1/12*s**4 - 1/60*s**5 - s**2 - 1/6*s**3. Give p(h).
0
Let k be (32/(-56))/((-2)/7). Let f(b) = -2*b**3 + 2*b**2 + 3*b - 2. Determine f(k).
-4
Let f = -2 + 1. Let w(h) be the first derivative of 7*h**3/3 + 2*h**2 - 3. Let n(u) = 27*u**2 + 15*u. Let d(c) = 4*n(c) - 15*w(c). What is d(f)?
3
Let w(x) = -x**2 + 58*x - 63*x - 1 + 2 - 3. Calculate w(-6).
-8
Let z(b) = -b**2 + 7*b - 5. Suppose 2*d = -2*u + 3*d + 11, 0 = -u + d + 5. Calculate z(u).
1
Let o(h) = -h**2 - h + 5. Let u(t) = 2*t**2 + 3*t - 10. Let p(a) = -9*o(a) - 4*u(a). Let m be (-12)/6 + 1 + 1. Suppose m = -3*k - 2*k + 25. What is p(k)?
5
Let r be (-1)/(1/5*1). Let l(a) = -45 + 48 + a**3 - 3*a**2 + 8*a**2 + 0*a**2. Give l(r).
3
Let x be (-2)/(-3) - 8/(-6). Let k(r) = 8*r - 4. Let h(y) = 12*y - 6. Let j(f) = 5*h(f) - 8*k(f). Calculate j(x).
-6
Let z(y) be the third derivative of y**6/120 + y**5/20 - y**4/8 + y**3/2 + y**2. Suppose 5*r + s = 5*s - 40, 25 = 5*s. Give z(r).
-1
Let x(k) be the second derivative of -k**3/6 + 4*k**2 + 2*k. Give x(8).
0
Let m be ((-1)/(-2))/((-3)/12). Let f(p) be the first derivative of -p**4/4 - 2*p**3/3 + p**2 + 2*p - 112. Determine f(m).
-2
Let o(f) = -3 - 1 + 3*f + 4*f - 5*f. Let j be o(5). Let n(q) = -q**3 + 6*q**2 - q + 1. Determine n(j).
-5
Let l(q) = 3*q**2 + q + 7. Let v(n) = n**2 - n + 1. Let y(f) = l(f) - 2*v(f). Give y(-4).
9
Let h(u) = 5*u - 3. Let d(i) = 5*i - 4. Let k(w) = 2*d(w) - 3*h(w). Calculate k(-1).
6
Let q(s) = -s**2 + s. Let p(h) = -4*h**2 + 9*h - 9. Let l(v) = -p(v) + 3*q(v). Give l(6).
9
Suppose 3*j + 6 = -6*z + 3*z, -4*j - 2*z = -2. Let t(n) be the first derivative of 5/2*n**2 - 3*n - 1/3*n**3 + 1. Determine t(j).
3
Let b(a) be the first derivative of a**4/4 + 2*a**3 + a**2/2 - 12. Calculate b(-6).
-6
Suppose 2*q + 2*q - 8 = 0. Let k(l) = -1 + 3 - 3 + q*l. Suppose -7*x = -10*x - 3. Give k(x).
-3
Let k(h) be the third derivative of 1/12*h**4 + 0 - 1/6*h**3 + 0*h - 4*h**2. Let b = 4 - -1. What is k(b)?
9
Let s(m) = m**2. Let f(y) = -3*y**2 - 10*y + 2. Let c(r) = -f(r) - 4*s(r). What is c(9)?
7
Let k(s) be the second derivative of -1/20*s**5 - 8*s - 5/2*s**2 - 1/3*s**3 + 0 + 5/12*s**4. Let i(r) = 2*r - 2. Let z be i(3). What is k(z)?
3
Let o(b) = b**2 - 6*b - 2. Suppose 0 = 4*s - 28 + 8. Calculate o(s).
-7
Let z(h) = h + 12. Let c(v) = 1. Let b(s) = -5*c(s) + z(s). Let a(k) = -k**2 - 2*k + 1. Let w be a(2). Determine b(w).
0
Suppose 4*p + 0*p = 3*r - 25, -16 = 4*p. Let b(f) = -f**3 + 3*f**2 - 3*f - 3. What is b(r)?
-12
Let f be (-1 + 2)/(6/24). Suppose -f*q + 3 = -5. Let o(j) = -j**3 + 3*j - 1. Give o(q).
-3
Let l(x) = -3*x. Let q(v) = 9*v. Let b(f) = 8*l(f) + 3*q(f). Let a(m) = -m**3 + 5*m**2 - m + 2. Let n be a(5). What is b(n)?
-9
Let r(d) = 4 + 0 + 1 - d**2 - 3*d. Let j be -2 - (-4)/3 - (-240)/(-45). What is r(j)?
-13
Let y(c) = -c**2 + 4*c - 2. Let v = 1 - -5. Let i = v + -3. Suppose -9 = i*u - 6*u. What is y(u)?
1
Let n(c) = 3*c - 1. Let y be n(2). Suppose 2*w = w + 3. Let l(g) = 4*g - 5*g**2 - 7 - w*g**3 - 3*g + 4*g**3. Give l(y).
-2
Let n(b) = b**2 - 4*b - 4. Let q(h) = -2*h**2 + 8*h + 7. Let s(o) = -5*n(o) - 3*q(o). What is s(4)?
-1
Let c(l) = 3*l - 1. Suppose 3*o - 1 = 5*h - 28, -4*o - 28 = -4*h. Suppose 3*p + h = -u, 5 - 2 = -u + 2*p. What is c(u)?
-10
Let s(q) = -q - 13. Let l be s(-12). Let v(r) = -2*r + 1. Calculate v(l).
3
Let g(s) = s**3 + 8*s**2 + 8*s + 4. Let m(i) = i**3 - 9*i**2 - 12*i + 13. Let j be m(10). Calculate g(j).
-3
Let r(w) be the third derivative of -17*w**5/30 + w**3/6 + 5*w**2 - 3*w. Determine r(-1).
-33
Suppose 0 = 2*r - 7 + 1. Let t(z) = -z**2 + 2 - 1 - 2*z - r*z. Suppose 6*f - 19 + 43 = 0. Calculate t(f).
5
Let o = 15 - 8. Let a(f) = f - 10. Give a(o).
-3
Let j(y) = 2*y + 4. Suppose 4*f + 5 = -15. What is j(f)?
-6
Let b(v) = v**2 + 17*v + 10. Let r be b(-16). Let t(x) = x**3 + 5*x**2 - 5*x + 4. Determine t(r).
-2
Let k(h) = h**2 + 1. Let l = 8 + -5. Let z = 1 + l. Let w = 5 - z. Give k(w).
2
Let x(f) = f - 8. Suppose 5*z = -4*s + 38, -4*z + s = -4*s - 14. Determine x(z).
-2
Let w be (-136)/6 + 3/(-9). Let t = -21 - w. Let v(q) = q**3 - 4*q**2 - 2. Determine v(t).
-10
Suppose -2*v = 3*v - 10. Let t(d) = 2*d - 4*d**2 - v + 4*d**3 - 2*d**3 - d**3. Determine t(2).
-6
Let n be (2 - -2) + 3 + -11. Let y(f) = -f**2 - 7*f + 2. Determine y(n).
14
Let v(s) be the first derivative of 5*s + 2 + 4*s**2 + 1/3*s**3. Give v(-6).
-7
Let b(v) = v**3 + 8*v**2 + 7*v + 6. Let w be b(-6). Let z be ((-2)/(-4))/